{"id":164,"date":"2021-11-16T16:23:58","date_gmt":"2021-11-16T15:23:58","guid":{"rendered":"https:\/\/cms.pius-institut.at\/?page_id=164"},"modified":"2022-01-23T14:59:40","modified_gmt":"2022-01-23T13:59:40","slug":"elementor-164","status":"publish","type":"page","link":"https:\/\/www.pius-institut.at\/?page_id=164","title":{"rendered":"Orden"},"content":{"rendered":"\t\t<div data-elementor-type=\"wp-post\" data-elementor-id=\"164\" class=\"elementor elementor-164\">\n\t\t\t\t\t\t<section class=\"elementor-section elementor-top-section elementor-element elementor-element-6925ec5 elementor-section-boxed elementor-section-height-default elementor-section-height-default\" data-id=\"6925ec5\" data-element_type=\"section\" data-e-type=\"section\">\n\t\t\t\t\t\t<div class=\"elementor-container elementor-column-gap-default\">\n\t\t\t\t\t<div class=\"elementor-column elementor-col-50 elementor-top-column elementor-element elementor-element-1a953ba\" data-id=\"1a953ba\" data-element_type=\"column\" data-e-type=\"column\">\n\t\t\t<div class=\"elementor-widget-wrap elementor-element-populated\">\n\t\t\t\t\t\t<div class=\"elementor-element elementor-element-1b22130 elementor-widget elementor-widget-text-editor\" data-id=\"1b22130\" data-element_type=\"widget\" data-e-type=\"widget\" data-widget_type=\"text-editor.default\">\n\t\t\t\t<div class=\"elementor-widget-container\">\n\t\t\t\t\t\t\t\t\t<div class=\"paragraph paragraph_style\"><span class=\"style\">Die Kreuzschwestern sind eine internationale, franziskanische\u00a0<\/span><span style=\"color: var( --e-global-color-text ); font-family: var( --e-global-typography-text-font-family ), Sans-serif; font-weight: var( --e-global-typography-text-font-weight );\">Ordensgemeinschaft. Angeregt durch die Gr\u00fcnderin des Ordens, <\/span><span style=\"color: var( --e-global-color-text ); font-family: var( --e-global-typography-text-font-family ), Sans-serif; font-weight: var( --e-global-typography-text-font-weight );\">Sr. Maria Theresia Scherer, wurde das Pius-Institut 1879 gegr\u00fcndet\u00a0<\/span><span style=\"color: var( --e-global-color-text ); font-family: var( --e-global-typography-text-font-family ), Sans-serif; font-weight: var( --e-global-typography-text-font-weight );\">und den Schwestern und MitarbeiterInnen als Gabe und Aufgabe \u00fcbergeben, verschiedentlich beeintr\u00e4chtigte und benachteiligte Menschen zu f\u00f6rdern und\u00a0<\/span><span style=\"color: var( --e-global-color-text ); font-family: var( --e-global-typography-text-font-family ), Sans-serif; font-weight: var( --e-global-typography-text-font-weight );\">zu unterst\u00fctzen. Dieser Auftrag ist weit und f\u00fcr alle geltend die hier leben,\u00a0<\/span><span style=\"color: var( --e-global-color-text ); font-family: var( --e-global-typography-text-font-family ), Sans-serif; font-weight: var( --e-global-typography-text-font-weight );\">arbeiten und beheimatet sein wollen.<\/span><\/div><p class=\"paragraph_style\"><span class=\"style\">Wir orientieren uns an den Grundwerten wie sie im Evangelium dargelegt sind. Wir achten auf die Entwicklung in Gesellschaft und Kirche und stellen uns den Herausforderungen der Zeit.<br \/><\/span><\/p><p class=\"paragraph_style\"><span class=\"style\">Wir \u00fcben respektvollen Umgang mit der Sch\u00f6pfung als deren Teil wir uns sehen und gehen verantwortungsvoll mit den uns anvertrauten Ressourcen um. Um eine gute Zusammenarbeit zu erm\u00f6glichen, bem\u00fchen wir uns um ehrlichen Umgang miteinander und suchen auch bei Konflikten das offene Gespr\u00e4ch.<\/span><\/p><p class=\"paragraph_style\"><span class=\"style\">\u00a0<\/span><\/p><p class=\"paragraph_style\"><span class=\"style\">\u00a0<\/span><\/p>\t\t\t\t\t\t\t\t<\/div>\n\t\t\t\t<\/div>\n\t\t\t\t\t<\/div>\n\t\t<\/div>\n\t\t\t\t<div class=\"elementor-column elementor-col-50 elementor-top-column elementor-element elementor-element-804825e\" data-id=\"804825e\" data-element_type=\"column\" data-e-type=\"column\">\n\t\t\t<div class=\"elementor-widget-wrap elementor-element-populated\">\n\t\t\t\t\t\t<div class=\"elementor-element elementor-element-19a5270 elementor-widget elementor-widget-image\" data-id=\"19a5270\" data-element_type=\"widget\" data-e-type=\"widget\" data-widget_type=\"image.default\">\n\t\t\t\t<div class=\"elementor-widget-container\">\n\t\t\t\t\t\t\t\t\t\t\t\t\t\t\t<img decoding=\"async\" width=\"107\" height=\"107\" src=\"http:\/\/www.pius-institut.at\/wp-content\/uploads\/2021\/11\/orden.png\" class=\"attachment-large size-large wp-image-203\" alt=\"\" \/>\t\t\t\t\t\t\t\t\t\t\t\t\t\t\t<\/div>\n\t\t\t\t<\/div>\n\t\t\t\t\t<\/div>\n\t\t<\/div>\n\t\t\t\t\t<\/div>\n\t\t<\/section>\n\t\t\t\t<\/div>\n\t\t","protected":false},"excerpt":{"rendered":"<p>Die Kreuzschwestern sind eine internationale, franziskanische\u00a0Ordensgemeinschaft. Angeregt durch die Gr\u00fcnderin des Ordens, Sr. Maria Theresia Scherer, wurde das Pius-Institut 1879 gegr\u00fcndet\u00a0und den Schwestern und MitarbeiterInnen als Gabe und Aufgabe \u00fcbergeben, verschiedentlich beeintr\u00e4chtigte und benachteiligte Menschen zu f\u00f6rdern und\u00a0zu unterst\u00fctzen. Dieser Auftrag ist weit und f\u00fcr alle geltend die hier leben,\u00a0arbeiten und beheimatet sein wollen. Wir [&hellip;]<\/p>\n","protected":false},"author":1,"featured_media":0,"parent":0,"menu_order":0,"comment_status":"closed","ping_status":"closed","template":"","meta":{"footnotes":""},"class_list":["post-164","page","type-page","status-publish","hentry"],"_links":{"self":[{"href":"https:\/\/www.pius-institut.at\/index.php?rest_route=\/wp\/v2\/pages\/164","targetHints":{"allow":["GET"]}}],"collection":[{"href":"https:\/\/www.pius-institut.at\/index.php?rest_route=\/wp\/v2\/pages"}],"about":[{"href":"https:\/\/www.pius-institut.at\/index.php?rest_route=\/wp\/v2\/types\/page"}],"author":[{"embeddable":true,"href":"https:\/\/www.pius-institut.at\/index.php?rest_route=\/wp\/v2\/users\/1"}],"replies":[{"embeddable":true,"href":"https:\/\/www.pius-institut.at\/index.php?rest_route=%2Fwp%2Fv2%2Fcomments&post=164"}],"version-history":[{"count":26,"href":"https:\/\/www.pius-institut.at\/index.php?rest_route=\/wp\/v2\/pages\/164\/revisions"}],"predecessor-version":[{"id":1074,"href":"https:\/\/www.pius-institut.at\/index.php?rest_route=\/wp\/v2\/pages\/164\/revisions\/1074"}],"wp:attachment":[{"href":"https:\/\/www.pius-institut.at\/index.php?rest_route=%2Fwp%2Fv2%2Fmedia&parent=164"}],"curies":[{"name":"wp","href":"https:\/\/api.w.org\/{rel}","templated":true}]}}