{"id":196,"date":"2021-11-21T14:46:49","date_gmt":"2021-11-21T13:46:49","guid":{"rendered":"https:\/\/cms.pius-institut.at\/?page_id=196"},"modified":"2023-07-12T11:45:18","modified_gmt":"2023-07-12T09:45:18","slug":"elementor-196","status":"publish","type":"page","link":"https:\/\/www.pius-institut.at\/?page_id=196","title":{"rendered":"Angebote"},"content":{"rendered":"\t\t<div data-elementor-type=\"wp-post\" data-elementor-id=\"196\" class=\"elementor elementor-196\">\n\t\t\t\t\t\t<section class=\"elementor-section elementor-top-section elementor-element elementor-element-e805b2d elementor-section-boxed elementor-section-height-default elementor-section-height-default\" data-id=\"e805b2d\" data-element_type=\"section\" data-e-type=\"section\">\n\t\t\t\t\t\t<div class=\"elementor-container elementor-column-gap-default\">\n\t\t\t\t\t<div class=\"elementor-column elementor-col-100 elementor-top-column elementor-element elementor-element-73adc92\" data-id=\"73adc92\" data-element_type=\"column\" data-e-type=\"column\">\n\t\t\t<div class=\"elementor-widget-wrap elementor-element-populated\">\n\t\t\t\t\t\t<div class=\"elementor-element elementor-element-8570c9f elementor-widget elementor-widget-text-editor\" data-id=\"8570c9f\" data-element_type=\"widget\" data-e-type=\"widget\" data-widget_type=\"text-editor.default\">\n\t\t\t\t<div class=\"elementor-widget-container\">\n\t\t\t\t\t\t\t\t\t<p class=\"paragraph_style\">Wir sehen es als unseren Auftrag an, behinderte Menschen gem\u00e4\u00df ihren M\u00f6glichkeiten und Bed\u00fcrfnissen so kompetent in ihrer Entwicklung zu f\u00f6rdern und zu begleiten, dass sie gem\u00e4\u00df ihrer F\u00e4higkeiten und Kompetenzen ein f\u00fcr sich selbstbestimmtes und identit\u00e4tsstiftendes Lebensmodell entwickeln k\u00f6nnen.<\/p><p class=\"paragraph_style\">Man kann Behinderung nicht wegdiskutieren oder ungeschehen machen. Wir wollen jedoch mithelfen, an der notwendigen Entwicklung gesellschaftlicher Rahmenbedingungen dergestalt mitzuarbeiten, dass das Anderssein einen sicheren Platz in der Gesellschaft bekommt.<\/p><p class=\"paragraph_style\">Nur aus der Akzeptanz und F\u00f6rderung der Vielfalt menschlicher Erscheinungsformen ist Weiterentwicklung im sozialen, kulturellen und ethisch-moralischen Bereich m\u00f6glich.<\/p><p class=\"paragraph_style\">Erst das Leben aus der Differenz, der Unterschiedlichkeit, schafft jenes lebendige und phantasievolle Kraftfeld, in dem letztlich menschliche Erf\u00fcllung im christlichen Sinne m\u00f6glich ist.<\/p><p class=\"paragraph_style\">Pflichtschulzeit &#8230;<\/p><ul><li class=\"paragraph_style_1\">Private Sonderschule<\/li><li class=\"paragraph_style_1\">Sch\u00fclerbegleitung<\/li><li class=\"paragraph_style_1\">Sch\u00fclerwohnen<\/li><\/ul><p class=\"paragraph_style\">F\u00fcr erwachsene Menschen bieten wir &#8230;<\/p><ul><li class=\"paragraph_style_1\">Vollzeit-, Trainings- und teilzeitbetreutes Wohnen sowie Wohnassistenz<\/li><li class=\"paragraph_style_1\">produktive und kreative Werkst\u00e4tten<\/li><li class=\"paragraph_style_1\">Tagesstruktur sowie<\/li><li>Eingliederungshilfen in beruflicher T\u00e4tigkeit<\/li><\/ul>\t\t\t\t\t\t\t\t<\/div>\n\t\t\t\t<\/div>\n\t\t\t\t\t<\/div>\n\t\t<\/div>\n\t\t\t\t\t<\/div>\n\t\t<\/section>\n\t\t\t\t<\/div>\n\t\t","protected":false},"excerpt":{"rendered":"<p>Wir sehen es als unseren Auftrag an, behinderte Menschen gem\u00e4\u00df ihren M\u00f6glichkeiten und Bed\u00fcrfnissen so kompetent in ihrer Entwicklung zu f\u00f6rdern und zu begleiten, dass sie gem\u00e4\u00df ihrer F\u00e4higkeiten und Kompetenzen ein f\u00fcr sich selbstbestimmtes und identit\u00e4tsstiftendes Lebensmodell entwickeln k\u00f6nnen. Man kann Behinderung nicht wegdiskutieren oder ungeschehen machen. Wir wollen jedoch mithelfen, an der notwendigen [&hellip;]<\/p>\n","protected":false},"author":1,"featured_media":0,"parent":0,"menu_order":0,"comment_status":"closed","ping_status":"closed","template":"","meta":{"footnotes":""},"class_list":["post-196","page","type-page","status-publish","hentry"],"_links":{"self":[{"href":"https:\/\/www.pius-institut.at\/index.php?rest_route=\/wp\/v2\/pages\/196","targetHints":{"allow":["GET"]}}],"collection":[{"href":"https:\/\/www.pius-institut.at\/index.php?rest_route=\/wp\/v2\/pages"}],"about":[{"href":"https:\/\/www.pius-institut.at\/index.php?rest_route=\/wp\/v2\/types\/page"}],"author":[{"embeddable":true,"href":"https:\/\/www.pius-institut.at\/index.php?rest_route=\/wp\/v2\/users\/1"}],"replies":[{"embeddable":true,"href":"https:\/\/www.pius-institut.at\/index.php?rest_route=%2Fwp%2Fv2%2Fcomments&post=196"}],"version-history":[{"count":32,"href":"https:\/\/www.pius-institut.at\/index.php?rest_route=\/wp\/v2\/pages\/196\/revisions"}],"predecessor-version":[{"id":2000,"href":"https:\/\/www.pius-institut.at\/index.php?rest_route=\/wp\/v2\/pages\/196\/revisions\/2000"}],"wp:attachment":[{"href":"https:\/\/www.pius-institut.at\/index.php?rest_route=%2Fwp%2Fv2%2Fmedia&parent=196"}],"curies":[{"name":"wp","href":"https:\/\/api.w.org\/{rel}","templated":true}]}}