{"id":255,"date":"2021-12-03T16:46:15","date_gmt":"2021-12-03T15:46:15","guid":{"rendered":"https:\/\/cms.pius-institut.at\/?page_id=255"},"modified":"2024-05-23T09:31:21","modified_gmt":"2024-05-23T07:31:21","slug":"schuelerbegreitung","status":"publish","type":"page","link":"https:\/\/www.pius-institut.at\/?page_id=255","title":{"rendered":"Sch\u00fclerbegleitung"},"content":{"rendered":"\t\t<div data-elementor-type=\"wp-page\" data-elementor-id=\"255\" class=\"elementor elementor-255\">\n\t\t\t\t\t\t<section class=\"elementor-section elementor-top-section elementor-element elementor-element-3389c7d elementor-section-boxed elementor-section-height-default elementor-section-height-default\" data-id=\"3389c7d\" data-element_type=\"section\" data-e-type=\"section\">\n\t\t\t\t\t\t<div class=\"elementor-container elementor-column-gap-default\">\n\t\t\t\t\t<div class=\"elementor-column elementor-col-100 elementor-top-column elementor-element elementor-element-4ca424a\" data-id=\"4ca424a\" data-element_type=\"column\" data-e-type=\"column\">\n\t\t\t<div class=\"elementor-widget-wrap elementor-element-populated\">\n\t\t\t\t\t\t\t<\/div>\n\t\t<\/div>\n\t\t\t\t\t<\/div>\n\t\t<\/section>\n\t\t\t\t<section class=\"elementor-section elementor-top-section elementor-element elementor-element-032a217 elementor-section-boxed elementor-section-height-default elementor-section-height-default\" data-id=\"032a217\" data-element_type=\"section\" data-e-type=\"section\">\n\t\t\t\t\t\t<div class=\"elementor-container elementor-column-gap-default\">\n\t\t\t\t\t<div class=\"elementor-column elementor-col-100 elementor-top-column elementor-element elementor-element-fbfb25a\" data-id=\"fbfb25a\" data-element_type=\"column\" data-e-type=\"column\">\n\t\t\t<div class=\"elementor-widget-wrap elementor-element-populated\">\n\t\t\t\t\t\t<div class=\"elementor-element elementor-element-0ba51e6 elementor-widget elementor-widget-text-editor\" data-id=\"0ba51e6\" data-element_type=\"widget\" data-e-type=\"widget\" data-widget_type=\"text-editor.default\">\n\t\t\t\t<div class=\"elementor-widget-container\">\n\t\t\t\t\t\t\t\t\t<p>Das Angebot der Sch\u00fclerInnenbegleitung richtet sich an schulpflichtige Kinder und Jugendliche mit Behinderung. Ziel ist eine bestm\u00f6gliche Inklusion zu erm\u00f6glichen.<\/p><p>Personenzentriertes und prozessorientiertes Arbeiten nach den Prinzipien und Grunds\u00e4tzen der Inklusion sind Basis und Inhalt des behindertenp\u00e4dagogischen Handelns. Die Hauptziele sind Lernen zu erm\u00f6glichen und die Unterst\u00fctzung in der Entwicklung, die Begleitung w\u00e4hrend der Dauer der Schulzeit, F\u00f6rderung in den Kompetenzen Selbstst\u00e4ndigkeit und Selbstbestimmung. Ein weiteres Ziel ist die Vorbereitung auf den n\u00e4chsten Lebensabschnitt nach Beendigung der Schullaufbahn.<\/p><p>Die Leistungserbringung orientiert sich entsprend der Entwicklungsphase des Kindes\/Jugendlichen, der Art der Beeintr\u00e4chtigung und des individuellen F\u00f6rderbedarfs.<\/p><p class=\"paragraph_style_3\">\u00a0<\/p>\t\t\t\t\t\t\t\t<\/div>\n\t\t\t\t<\/div>\n\t\t\t\t\t<\/div>\n\t\t<\/div>\n\t\t\t\t\t<\/div>\n\t\t<\/section>\n\t\t\t\t<section class=\"elementor-section elementor-top-section elementor-element elementor-element-d88af8f elementor-section-boxed elementor-section-height-default elementor-section-height-default\" data-id=\"d88af8f\" data-element_type=\"section\" data-e-type=\"section\">\n\t\t\t\t\t\t<div class=\"elementor-container elementor-column-gap-default\">\n\t\t\t\t\t<div class=\"elementor-column elementor-col-100 elementor-top-column elementor-element elementor-element-ecc9d6c\" data-id=\"ecc9d6c\" data-element_type=\"column\" data-e-type=\"column\">\n\t\t\t<div class=\"elementor-widget-wrap elementor-element-populated\">\n\t\t\t\t\t\t<div class=\"elementor-element elementor-element-ec6660c elementor-widget elementor-widget-toggle\" data-id=\"ec6660c\" data-element_type=\"widget\" data-e-type=\"widget\" data-widget_type=\"toggle.default\">\n\t\t\t\t<div class=\"elementor-widget-container\">\n\t\t\t\t\t\t\t<div class=\"elementor-toggle\">\n\t\t\t\t\t\t\t<div class=\"elementor-toggle-item\">\n\t\t\t\t\t<div id=\"elementor-tab-title-2471\" class=\"elementor-tab-title\" data-tab=\"1\" role=\"button\" aria-controls=\"elementor-tab-content-2471\" aria-expanded=\"false\">\n\t\t\t\t\t\t\t\t\t\t\t\t<span class=\"elementor-toggle-icon elementor-toggle-icon-left\" aria-hidden=\"true\">\n\t\t\t\t\t\t\t\t\t\t\t\t\t\t\t<span class=\"elementor-toggle-icon-closed\"><i class=\"fas fa-caret-right\"><\/i><\/span>\n\t\t\t\t\t\t\t\t<span class=\"elementor-toggle-icon-opened\"><i class=\"elementor-toggle-icon-opened fas fa-caret-up\"><\/i><\/span>\n\t\t\t\t\t\t\t\t\t\t\t\t\t<\/span>\n\t\t\t\t\t\t\t\t\t\t\t\t<a class=\"elementor-toggle-title\" tabindex=\"0\">Wer wird bei uns begleitet?<\/a>\n\t\t\t\t\t<\/div>\n\n\t\t\t\t\t<div id=\"elementor-tab-content-2471\" class=\"elementor-tab-content elementor-clearfix\" data-tab=\"1\" role=\"region\" aria-labelledby=\"elementor-tab-title-2471\"><p class=\"paragraph_style_4\">Kinder im schulpflichtigen Alter, welche Anspruch auf eine Leistung nach dem StBHG \u00a77 Erziehung &amp; Schulbildung (Sondervertrag mit dem Pius-Institut) haben und einen Sonderp\u00e4dagogichen F\u00f6rderbedarf (SPF) ben\u00f6tigen. Diese Kinder weisen unter anderm eine intellektuelle\/kognitive, k\u00f6rperliche und\/oder Sinnes- bzw. Mehrfachbehinderung auf.<\/p><\/div>\n\t\t\t\t<\/div>\n\t\t\t\t\t\t\t\t<\/div>\n\t\t\t\t\t\t<\/div>\n\t\t\t\t<\/div>\n\t\t\t\t\t<\/div>\n\t\t<\/div>\n\t\t\t\t\t<\/div>\n\t\t<\/section>\n\t\t\t\t<section class=\"elementor-section elementor-top-section elementor-element elementor-element-d23048f elementor-section-height-min-height elementor-section-boxed elementor-section-height-default elementor-section-items-middle\" data-id=\"d23048f\" data-element_type=\"section\" data-e-type=\"section\">\n\t\t\t\t\t\t<div class=\"elementor-container elementor-column-gap-default\">\n\t\t\t\t\t<div class=\"elementor-column elementor-col-100 elementor-top-column elementor-element elementor-element-a256d76\" data-id=\"a256d76\" data-element_type=\"column\" data-e-type=\"column\">\n\t\t\t<div class=\"elementor-widget-wrap elementor-element-populated\">\n\t\t\t\t\t\t<div class=\"elementor-element elementor-element-4381066 eael-team-align-centered elementor-widget-tablet_extra__width-initial elementor-widget elementor-widget-eael-team-member\" data-id=\"4381066\" data-element_type=\"widget\" data-e-type=\"widget\" data-widget_type=\"eael-team-member.default\">\n\t\t\t\t<div class=\"elementor-widget-container\">\n\t\t\t\t\t\n\n\t<div id=\"eael-team-member-4381066\" class=\"eael-team-item eael-team-members-simple \">\n\t\t<div class=\"eael-team-item-inner\">\n\t\t\t<div class=\"eael-team-image\">\n\t\t\t\t<figure>\n\t\t\t\t\t<img decoding=\"async\" src=\"https:\/\/www.pius-institut.at\/wp-content\/uploads\/2023\/11\/01-Bereichsleitung_Kloesch-Juergen-scaled-e1704977366890-1006x1024.jpg\" alt=\"\">\n\t\t\t\t<\/figure>\n\t\t\t\t\n\t\t\t\t\n\t\t\t<\/div>\n\n\t\t\t<div class=\"eael-team-content\">\n\t\t\t\t<h3 class=\"eael-team-member-name\">J\u00fcrgen Kl\u00f6sch, BA<\/h3>\n\t\t\t\t<h4 class=\"eael-team-member-position\">P\u00e4dagogische Bereichsleitung Erwachsenenwohnen &amp; Sch\u00fclerbegleitung<\/h4>\n\n\t\t\t\t\t\t\t\t\t\t\t\t\t\t<p class=\"eael-team-text\"> juergen.kloesch@pius-institut.at\n+43\/699\/151793-20<\/p>\n\t\t\t\t\t\t\t<\/div>\n\t\t<\/div>\n\t<\/div>\n\t\t\t\t\t<\/div>\n\t\t\t\t<\/div>\n\t\t\t\t\t<\/div>\n\t\t<\/div>\n\t\t\t\t\t<\/div>\n\t\t<\/section>\n\t\t\t\t<\/div>\n\t\t","protected":false},"excerpt":{"rendered":"<p>Das Angebot der Sch\u00fclerInnenbegleitung richtet sich an schulpflichtige Kinder und Jugendliche mit Behinderung. Ziel ist eine bestm\u00f6gliche Inklusion zu erm\u00f6glichen. Personenzentriertes und prozessorientiertes Arbeiten nach den Prinzipien und Grunds\u00e4tzen der Inklusion sind Basis und Inhalt des behindertenp\u00e4dagogischen Handelns. Die Hauptziele sind Lernen zu erm\u00f6glichen und die Unterst\u00fctzung in der Entwicklung, die Begleitung w\u00e4hrend der Dauer [&hellip;]<\/p>\n","protected":false},"author":1,"featured_media":0,"parent":0,"menu_order":0,"comment_status":"closed","ping_status":"closed","template":"","meta":{"footnotes":""},"class_list":["post-255","page","type-page","status-publish","hentry"],"_links":{"self":[{"href":"https:\/\/www.pius-institut.at\/index.php?rest_route=\/wp\/v2\/pages\/255","targetHints":{"allow":["GET"]}}],"collection":[{"href":"https:\/\/www.pius-institut.at\/index.php?rest_route=\/wp\/v2\/pages"}],"about":[{"href":"https:\/\/www.pius-institut.at\/index.php?rest_route=\/wp\/v2\/types\/page"}],"author":[{"embeddable":true,"href":"https:\/\/www.pius-institut.at\/index.php?rest_route=\/wp\/v2\/users\/1"}],"replies":[{"embeddable":true,"href":"https:\/\/www.pius-institut.at\/index.php?rest_route=%2Fwp%2Fv2%2Fcomments&post=255"}],"version-history":[{"count":77,"href":"https:\/\/www.pius-institut.at\/index.php?rest_route=\/wp\/v2\/pages\/255\/revisions"}],"predecessor-version":[{"id":3407,"href":"https:\/\/www.pius-institut.at\/index.php?rest_route=\/wp\/v2\/pages\/255\/revisions\/3407"}],"wp:attachment":[{"href":"https:\/\/www.pius-institut.at\/index.php?rest_route=%2Fwp%2Fv2%2Fmedia&parent=255"}],"curies":[{"name":"wp","href":"https:\/\/api.w.org\/{rel}","templated":true}]}}