{"id":257,"date":"2021-12-03T16:46:31","date_gmt":"2021-12-03T15:46:31","guid":{"rendered":"https:\/\/cms.pius-institut.at\/?page_id=257"},"modified":"2024-05-23T09:33:21","modified_gmt":"2024-05-23T07:33:21","slug":"dienstleistungen","status":"publish","type":"page","link":"https:\/\/www.pius-institut.at\/?page_id=257","title":{"rendered":"Dienstleistungen"},"content":{"rendered":"\t\t<div data-elementor-type=\"wp-page\" data-elementor-id=\"257\" class=\"elementor elementor-257\">\n\t\t\t\t\t\t<section class=\"elementor-section elementor-top-section elementor-element elementor-element-ba9810e elementor-section-boxed elementor-section-height-default elementor-section-height-default\" data-id=\"ba9810e\" data-element_type=\"section\" data-e-type=\"section\">\n\t\t\t\t\t\t<div class=\"elementor-container elementor-column-gap-default\">\n\t\t\t\t\t<div class=\"elementor-column elementor-col-100 elementor-top-column elementor-element elementor-element-01ba534\" data-id=\"01ba534\" data-element_type=\"column\" data-e-type=\"column\">\n\t\t\t<div class=\"elementor-widget-wrap elementor-element-populated\">\n\t\t\t\t\t\t<div class=\"elementor-element elementor-element-6bd0c83 elementor-widget elementor-widget-text-editor\" data-id=\"6bd0c83\" data-element_type=\"widget\" data-e-type=\"widget\" data-widget_type=\"text-editor.default\">\n\t\t\t\t<div class=\"elementor-widget-container\">\n\t\t\t\t\t\t\t\t\t<p><strong><span style=\"color: #993300;\">Dienstleistungen<\/span><\/strong><\/p><p class=\"paragraph_style\">Berufliche Inklusion beginnt noch vor der Aus\u00fcbung\/dem Erlernen eines Berufes. Sie beginnt bereits mit der bewussten Auseinandersetzung mit eigenen beruflichen W\u00fcnschen, Vorstellungen, Interessen, Kompetenzen und Hindernissen.<\/p><p class=\"paragraph_style\">Ziel dieses Leistungsbereiches ist es, den Prozess der Inklusion bzw. Teilhabe und Zugeh\u00f6rigkeit an der Arbeitswelt unter Ber\u00fccksichtigung der individuellen W\u00fcnsche, Bed\u00fcrfnisse und F\u00e4higkeiten zu forcieren. Alle notwendigen arbeitsrelevanten, sozialen und pers\u00f6nlichen Schl\u00fcsselkompetenzen k\u00f6nnen in unterschiedlichen Kooperations- und Besch\u00e4ftigungsformen erlernt, entwickelt, trainiert und erprobt werden. Berufsspezifische Qualifikationen k\u00f6nnen im Rahmen einer Anlehre erworben werden. Dabei ist es uns wichtig:<\/p><ul><li class=\"paragraph_style_1\">Interessen und berufliche Fertigkeiten zu sammeln bzw. zu entwickeln<\/li><li class=\"paragraph_style_1\">Qualifizierungsstrategien entwickeln<\/li><li class=\"paragraph_style_1\">KlientInnen in die Lage versetzen, eigene fundierte und realistische Ans\u00e4tze zu finden<\/li><li class=\"paragraph_style_1\">Anforderungen von Wirtschaftsbetrieben mit Kompetenzen des\/der potentiellen Besch\u00e4ftigten in Einklang zu bringen<\/li><\/ul><p class=\"paragraph_style\">Privaten Kunden und Unternehmen im Raum Bruck\/Mur werden unterschiedliche Leistungen angeboten:<\/p><ul><li class=\"paragraph_style_1\"><span class=\"style\">cafe<\/span><span class=\"style_1\">aktiv<\/span>\u00a0(Kaffeehausbetrieb und Catering, Vernissagen und Kindergeburtstagsfeiern)<\/li><li class=\"paragraph_style_1\"><span class=\"style\">bistro<\/span><span class=\"style_1\">aktiv<\/span>\u00a0(kleine Speisen f\u00fcr den Mittagstisch, auch zum Mitnehmen)<\/li><li class=\"paragraph_style_2\">Gartenbau &amp; Friedhofspflege<\/li><li class=\"paragraph_style_2\">Tischlerwerkst\u00e4tte \u201eHand und Werk\u201c<\/li><li class=\"paragraph_style_2\">Landschaftspflege, Friedhofs- und Zierg\u00e4rtnerei<\/li><li class=\"paragraph_style_2\">Musikgruppe \u201eMundwerk\u201c<\/li><li class=\"paragraph_style_1\">sowie \u00dcbernahme individueller Kundenauftr\u00e4ge<\/li><\/ul><p class=\"paragraph_style\"><span style=\"color: #993300;\"><strong>Zusatzangebot:<\/strong><\/span><\/p><ul><li class=\"paragraph_style_1\">P\u00e4dagogische Begleitung (Einzel- und Gruppentrainings, Krisenbew\u00e4ltigung, Basisbildung, Workshops)<\/li><li class=\"paragraph_style_1\">Berufsorientierung\/Arbeitstraining<\/li><li class=\"paragraph_style_1\">Praktika in externen Betrieben<\/li><li class=\"paragraph_style_1\">Werkst\u00e4ttenrat<\/li><li class=\"paragraph_style_1\">M\u00e4dchen- und M\u00e4nnerrunden<\/li><li class=\"paragraph_style_1\">Sportb\u00fcndel<\/li><li class=\"paragraph_style_1\">Projekte und Workshops<\/li><\/ul>\t\t\t\t\t\t\t\t<\/div>\n\t\t\t\t<\/div>\n\t\t\t\t\t<\/div>\n\t\t<\/div>\n\t\t\t\t\t<\/div>\n\t\t<\/section>\n\t\t\t\t<section class=\"elementor-section elementor-top-section elementor-element elementor-element-c46a861 elementor-section-boxed elementor-section-height-default elementor-section-height-default\" data-id=\"c46a861\" data-element_type=\"section\" data-e-type=\"section\">\n\t\t\t\t\t\t<div class=\"elementor-container elementor-column-gap-default\">\n\t\t\t\t\t<div class=\"elementor-column elementor-col-100 elementor-top-column elementor-element elementor-element-85c8f23\" data-id=\"85c8f23\" data-element_type=\"column\" data-e-type=\"column\">\n\t\t\t<div class=\"elementor-widget-wrap elementor-element-populated\">\n\t\t\t\t\t\t<div class=\"elementor-element elementor-element-f0785b6 elementor-widget elementor-widget-toggle\" data-id=\"f0785b6\" data-element_type=\"widget\" data-e-type=\"widget\" data-widget_type=\"toggle.default\">\n\t\t\t\t<div class=\"elementor-widget-container\">\n\t\t\t\t\t\t\t<div class=\"elementor-toggle\">\n\t\t\t\t\t\t\t<div class=\"elementor-toggle-item\">\n\t\t\t\t\t<div id=\"elementor-tab-title-2521\" class=\"elementor-tab-title\" data-tab=\"1\" role=\"button\" aria-controls=\"elementor-tab-content-2521\" aria-expanded=\"false\">\n\t\t\t\t\t\t\t\t\t\t\t\t<span class=\"elementor-toggle-icon elementor-toggle-icon-left\" aria-hidden=\"true\">\n\t\t\t\t\t\t\t\t\t\t\t\t\t\t\t<span class=\"elementor-toggle-icon-closed\"><i class=\"fas fa-caret-right\"><\/i><\/span>\n\t\t\t\t\t\t\t\t<span class=\"elementor-toggle-icon-opened\"><i class=\"elementor-toggle-icon-opened fas fa-caret-up\"><\/i><\/span>\n\t\t\t\t\t\t\t\t\t\t\t\t\t<\/span>\n\t\t\t\t\t\t\t\t\t\t\t\t<a class=\"elementor-toggle-title\" tabindex=\"0\">Wer kann bei uns arbeiten?<\/a>\n\t\t\t\t\t<\/div>\n\n\t\t\t\t\t<div id=\"elementor-tab-content-2521\" class=\"elementor-tab-content elementor-clearfix\" data-tab=\"1\" role=\"region\" aria-labelledby=\"elementor-tab-title-2521\"><p class=\"paragraph_style\">Jugendliche und Erwachsene mit intellektueller oder k\u00f6rperlicher Sinnes- und Mehrfachbehinderung nach Beendigung der Schulpflicht mit einem rechtskr\u00e4ftigen Bescheid nach dem Steierm\u00e4rkischen Behindertengesetz f\u00fcr die Leistungen: Teilhabe an Besch\u00e4ftigung in der Arbeitswelt (TaB) aber auch Begleitung und F\u00f6rderung (B&amp;F).<\/p><\/div>\n\t\t\t\t<\/div>\n\t\t\t\t\t\t\t\t<\/div>\n\t\t\t\t\t\t<\/div>\n\t\t\t\t<\/div>\n\t\t\t\t\t<\/div>\n\t\t<\/div>\n\t\t\t\t\t<\/div>\n\t\t<\/section>\n\t\t\t\t<section class=\"elementor-section elementor-top-section elementor-element elementor-element-fa31519 elementor-section-boxed elementor-section-height-default elementor-section-height-default\" data-id=\"fa31519\" data-element_type=\"section\" data-e-type=\"section\">\n\t\t\t\t\t\t<div class=\"elementor-container elementor-column-gap-default\">\n\t\t\t\t\t<div class=\"elementor-column elementor-col-100 elementor-top-column elementor-element elementor-element-9870089\" data-id=\"9870089\" data-element_type=\"column\" data-e-type=\"column\">\n\t\t\t<div class=\"elementor-widget-wrap elementor-element-populated\">\n\t\t\t\t\t\t<div class=\"elementor-element elementor-element-9ecb33f eael-team-align-centered elementor-widget elementor-widget-eael-team-member\" data-id=\"9ecb33f\" data-element_type=\"widget\" data-e-type=\"widget\" data-widget_type=\"eael-team-member.default\">\n\t\t\t\t<div class=\"elementor-widget-container\">\n\t\t\t\t\t\n\n\t<div id=\"eael-team-member-9ecb33f\" class=\"eael-team-item eael-team-members-simple \">\n\t\t<div class=\"eael-team-item-inner\">\n\t\t\t<div class=\"eael-team-image\">\n\t\t\t\t<figure>\n\t\t\t\t\t<img decoding=\"async\" src=\"https:\/\/www.pius-institut.at\/wp-content\/uploads\/2023\/10\/DSC_0493-scaled.jpeg\" alt=\"\">\n\t\t\t\t<\/figure>\n\t\t\t\t\n\t\t\t\t\n\t\t\t<\/div>\n\n\t\t\t<div class=\"eael-team-content\">\n\t\t\t\t<h3 class=\"eael-team-member-name\">Astrid Senheitel, BA<\/h3>\n\t\t\t\t<h4 class=\"eael-team-member-position\">Bereichsleitung Besch\u00e4ftigung<\/h4>\n\n\t\t\t\t\t\t\t\t\t\t\t\t\t\t<p class=\"eael-team-text\">astrid.senheitel@pius-institut.at\n\n +43\/699\/151793-54<\/p>\n\t\t\t\t\t\t\t<\/div>\n\t\t<\/div>\n\t<\/div>\n\t\t\t\t\t<\/div>\n\t\t\t\t<\/div>\n\t\t\t\t\t<\/div>\n\t\t<\/div>\n\t\t\t\t\t<\/div>\n\t\t<\/section>\n\t\t\t\t<\/div>\n\t\t","protected":false},"excerpt":{"rendered":"<p>Dienstleistungen Berufliche Inklusion beginnt noch vor der Aus\u00fcbung\/dem Erlernen eines Berufes. Sie beginnt bereits mit der bewussten Auseinandersetzung mit eigenen beruflichen W\u00fcnschen, Vorstellungen, Interessen, Kompetenzen und Hindernissen. Ziel dieses Leistungsbereiches ist es, den Prozess der Inklusion bzw. Teilhabe und Zugeh\u00f6rigkeit an der Arbeitswelt unter Ber\u00fccksichtigung der individuellen W\u00fcnsche, Bed\u00fcrfnisse und F\u00e4higkeiten zu forcieren. Alle notwendigen [&hellip;]<\/p>\n","protected":false},"author":1,"featured_media":0,"parent":0,"menu_order":0,"comment_status":"closed","ping_status":"closed","template":"","meta":{"footnotes":""},"class_list":["post-257","page","type-page","status-publish","hentry"],"_links":{"self":[{"href":"https:\/\/www.pius-institut.at\/index.php?rest_route=\/wp\/v2\/pages\/257","targetHints":{"allow":["GET"]}}],"collection":[{"href":"https:\/\/www.pius-institut.at\/index.php?rest_route=\/wp\/v2\/pages"}],"about":[{"href":"https:\/\/www.pius-institut.at\/index.php?rest_route=\/wp\/v2\/types\/page"}],"author":[{"embeddable":true,"href":"https:\/\/www.pius-institut.at\/index.php?rest_route=\/wp\/v2\/users\/1"}],"replies":[{"embeddable":true,"href":"https:\/\/www.pius-institut.at\/index.php?rest_route=%2Fwp%2Fv2%2Fcomments&post=257"}],"version-history":[{"count":37,"href":"https:\/\/www.pius-institut.at\/index.php?rest_route=\/wp\/v2\/pages\/257\/revisions"}],"predecessor-version":[{"id":3410,"href":"https:\/\/www.pius-institut.at\/index.php?rest_route=\/wp\/v2\/pages\/257\/revisions\/3410"}],"wp:attachment":[{"href":"https:\/\/www.pius-institut.at\/index.php?rest_route=%2Fwp%2Fv2%2Fmedia&parent=257"}],"curies":[{"name":"wp","href":"https:\/\/api.w.org\/{rel}","templated":true}]}}

<div data-elementor-type="wp-page" data-elementor-id="257" class="elementor elementor-257">
						<section class="elementor-section elementor-top-section elementor-element elementor-element-ba9810e elementor-section-boxed elementor-section-height-default elementor-section-height-default" data-id="ba9810e" data-element_type="section" data-e-type="section">
						<div class="elementor-container elementor-column-gap-default">
					<div class="elementor-column elementor-col-100 elementor-top-column elementor-element elementor-element-01ba534" data-id="01ba534" data-element_type="column" data-e-type="column">
			<div class="elementor-widget-wrap elementor-element-populated">
						<div class="elementor-element elementor-element-6bd0c83 elementor-widget elementor-widget-text-editor" data-id="6bd0c83" data-element_type="widget" data-e-type="widget" data-widget_type="text-editor.default">
				<div class="elementor-widget-container">
									<p><strong><span style="color: #993300;">Dienstleistungen</span></strong></p><p class="paragraph_style">Berufliche Inklusion beginnt noch vor der Ausübung/dem Erlernen eines Berufes. Sie beginnt bereits mit der bewussten Auseinandersetzung mit eigenen beruflichen Wünschen, Vorstellungen, Interessen, Kompetenzen und Hindernissen.</p><p class="paragraph_style">Ziel dieses Leistungsbereiches ist es, den Prozess der Inklusion bzw. Teilhabe und Zugehörigkeit an der Arbeitswelt unter Berücksichtigung der individuellen Wünsche, Bedürfnisse und Fähigkeiten zu forcieren. Alle notwendigen arbeitsrelevanten, sozialen und persönlichen Schlüsselkompetenzen können in unterschiedlichen Kooperations- und Beschäftigungsformen erlernt, entwickelt, trainiert und erprobt werden. Berufsspezifische Qualifikationen können im Rahmen einer Anlehre erworben werden. Dabei ist es uns wichtig:</p><ul><li class="paragraph_style_1">Interessen und berufliche Fertigkeiten zu sammeln bzw. zu entwickeln</li><li class="paragraph_style_1">Qualifizierungsstrategien entwickeln</li><li class="paragraph_style_1">KlientInnen in die Lage versetzen, eigene fundierte und realistische Ansätze zu finden</li><li class="paragraph_style_1">Anforderungen von Wirtschaftsbetrieben mit Kompetenzen des/der potentiellen Beschäftigten in Einklang zu bringen</li></ul><p class="paragraph_style">Privaten Kunden und Unternehmen im Raum Bruck/Mur werden unterschiedliche Leistungen angeboten:</p><ul><li class="paragraph_style_1"><span class="style">cafe</span><span class="style_1">aktiv</span> (Kaffeehausbetrieb und Catering, Vernissagen und Kindergeburtstagsfeiern)</li><li class="paragraph_style_1"><span class="style">bistro</span><span class="style_1">aktiv</span> (kleine Speisen für den Mittagstisch, auch zum Mitnehmen)</li><li class="paragraph_style_2">Gartenbau &amp; Friedhofspflege</li><li class="paragraph_style_2">Tischlerwerkstätte „Hand und Werk“</li><li class="paragraph_style_2">Landschaftspflege, Friedhofs- und Ziergärtnerei</li><li class="paragraph_style_2">Musikgruppe „Mundwerk“</li><li class="paragraph_style_1">sowie Übernahme individueller Kundenaufträge</li></ul><p class="paragraph_style"><span style="color: #993300;"><strong>Zusatzangebot:</strong></span></p><ul><li class="paragraph_style_1">Pädagogische Begleitung (Einzel- und Gruppentrainings, Krisenbewältigung, Basisbildung, Workshops)</li><li class="paragraph_style_1">Berufsorientierung/Arbeitstraining</li><li class="paragraph_style_1">Praktika in externen Betrieben</li><li class="paragraph_style_1">Werkstättenrat</li><li class="paragraph_style_1">Mädchen- und Männerrunden</li><li class="paragraph_style_1">Sportbündel</li><li class="paragraph_style_1">Projekte und Workshops</li></ul>								</div>
				</div>
					</div>
		</div>
					</div>
		</section>
				<section class="elementor-section elementor-top-section elementor-element elementor-element-c46a861 elementor-section-boxed elementor-section-height-default elementor-section-height-default" data-id="c46a861" data-element_type="section" data-e-type="section">
						<div class="elementor-container elementor-column-gap-default">
					<div class="elementor-column elementor-col-100 elementor-top-column elementor-element elementor-element-85c8f23" data-id="85c8f23" data-element_type="column" data-e-type="column">
			<div class="elementor-widget-wrap elementor-element-populated">
						<div class="elementor-element elementor-element-f0785b6 elementor-widget elementor-widget-toggle" data-id="f0785b6" data-element_type="widget" data-e-type="widget" data-widget_type="toggle.default">
				<div class="elementor-widget-container">
							<div class="elementor-toggle">
							<div class="elementor-toggle-item">
					<div id="elementor-tab-title-2521" class="elementor-tab-title" data-tab="1" role="button" aria-controls="elementor-tab-content-2521" aria-expanded="false">
												<span class="elementor-toggle-icon elementor-toggle-icon-left" aria-hidden="true">
															<span class="elementor-toggle-icon-closed"><i class="fas fa-caret-right"></i></span>
								<span class="elementor-toggle-icon-opened"><i class="elementor-toggle-icon-opened fas fa-caret-up"></i></span>
													</span>
												<a class="elementor-toggle-title" tabindex="0">Wer kann bei uns arbeiten?</a>
					</div>

					<div id="elementor-tab-content-2521" class="elementor-tab-content elementor-clearfix" data-tab="1" role="region" aria-labelledby="elementor-tab-title-2521"><p class="paragraph_style">Jugendliche und Erwachsene mit intellektueller oder körperlicher Sinnes- und Mehrfachbehinderung nach Beendigung der Schulpflicht mit einem rechtskräftigen Bescheid nach dem Steiermärkischen Behindertengesetz für die Leistungen: Teilhabe an Beschäftigung in der Arbeitswelt (TaB) aber auch Begleitung und Förderung (B&amp;F).</p></div>
				</div>
								</div>
						</div>
				</div>
					</div>
		</div>
					</div>
		</section>
				<section class="elementor-section elementor-top-section elementor-element elementor-element-fa31519 elementor-section-boxed elementor-section-height-default elementor-section-height-default" data-id="fa31519" data-element_type="section" data-e-type="section">
						<div class="elementor-container elementor-column-gap-default">
					<div class="elementor-column elementor-col-100 elementor-top-column elementor-element elementor-element-9870089" data-id="9870089" data-element_type="column" data-e-type="column">
			<div class="elementor-widget-wrap elementor-element-populated">
						<div class="elementor-element elementor-element-9ecb33f eael-team-align-centered elementor-widget elementor-widget-eael-team-member" data-id="9ecb33f" data-element_type="widget" data-e-type="widget" data-widget_type="eael-team-member.default">
				<div class="elementor-widget-container">
					

	<div id="eael-team-member-9ecb33f" class="eael-team-item eael-team-members-simple ">
		<div class="eael-team-item-inner">
			<div class="eael-team-image">
				<figure>
					<img decoding="async" src="https://www.pius-institut.at/wp-content/uploads/2023/10/DSC_0493-scaled.jpeg" alt="">
				</figure>
				
				
			</div>

			<div class="eael-team-content">
				<h3 class="eael-team-member-name">Astrid Senheitel, BA</h3>
				<h4 class="eael-team-member-position">Bereichsleitung Beschäftigung</h4>

														<p class="eael-team-text">astrid.senheitel@pius-institut.at

 +43/699/151793-54</p>
							</div>
		</div>
	</div>
					</div>
				</div>
					</div>
		</div>
					</div>
		</section>
				</div>

<p>Dienstleistungen Berufliche Inklusion beginnt noch vor der Ausübung/dem Erlernen eines Berufes. Sie beginnt bereits mit der bewussten Auseinandersetzung mit eigenen beruflichen Wünschen, Vorstellungen, Interessen, Kompetenzen und Hindernissen. Ziel dieses Leistungsbereiches ist es, den Prozess der Inklusion bzw. Teilhabe und Zugehörigkeit an der Arbeitswelt unter Berücksichtigung der individuellen Wünsche, Bedürfnisse und Fähigkeiten zu forcieren. Alle notwendigen [&hellip;]</p>
