{"id":277,"date":"2021-12-03T16:57:41","date_gmt":"2021-12-03T15:57:41","guid":{"rendered":"https:\/\/cms.pius-institut.at\/?page_id=277"},"modified":"2025-09-01T11:33:43","modified_gmt":"2025-09-01T09:33:43","slug":"wohnnetz","status":"publish","type":"page","link":"https:\/\/www.pius-institut.at\/?page_id=277","title":{"rendered":"Wohnnetzwerk"},"content":{"rendered":"\t\t<div data-elementor-type=\"wp-page\" data-elementor-id=\"277\" class=\"elementor elementor-277\">\n\t\t\t\t\t\t<section class=\"elementor-section elementor-top-section elementor-element elementor-element-3498a48 elementor-section-boxed elementor-section-height-default elementor-section-height-default\" data-id=\"3498a48\" data-element_type=\"section\" data-e-type=\"section\">\n\t\t\t\t\t\t<div class=\"elementor-container elementor-column-gap-default\">\n\t\t\t\t\t<div class=\"elementor-column elementor-col-100 elementor-top-column elementor-element elementor-element-f0752de\" data-id=\"f0752de\" data-element_type=\"column\" data-e-type=\"column\">\n\t\t\t<div class=\"elementor-widget-wrap elementor-element-populated\">\n\t\t\t\t\t\t<div class=\"elementor-element elementor-element-e9c2e44 elementor-arrows-position-inside elementor-pagination-position-outside elementor-widget elementor-widget-image-carousel\" data-id=\"e9c2e44\" data-element_type=\"widget\" data-e-type=\"widget\" data-settings=\"{&quot;navigation&quot;:&quot;both&quot;,&quot;autoplay&quot;:&quot;yes&quot;,&quot;pause_on_hover&quot;:&quot;yes&quot;,&quot;pause_on_interaction&quot;:&quot;yes&quot;,&quot;autoplay_speed&quot;:5000,&quot;infinite&quot;:&quot;yes&quot;,&quot;speed&quot;:500}\" data-widget_type=\"image-carousel.default\">\n\t\t\t\t<div class=\"elementor-widget-container\">\n\t\t\t\t\t\t\t<div class=\"elementor-image-carousel-wrapper swiper\" role=\"region\" aria-roledescription=\"carousel\" aria-label=\"Image Carousel\" dir=\"ltr\">\n\t\t\t<div class=\"elementor-image-carousel swiper-wrapper\" aria-live=\"off\">\n\t\t\t\t\t\t\t\t<div class=\"swiper-slide\" role=\"group\" aria-roledescription=\"slide\" aria-label=\"1 of 6\"><figure class=\"swiper-slide-inner\"><img decoding=\"async\" class=\"swiper-slide-image\" src=\"https:\/\/www.pius-institut.at\/wp-content\/uploads\/2024\/02\/IMG_3704.jpg\" alt=\"IMG_3704\" \/><\/figure><\/div><div class=\"swiper-slide\" role=\"group\" aria-roledescription=\"slide\" aria-label=\"2 of 6\"><figure class=\"swiper-slide-inner\"><img decoding=\"async\" class=\"swiper-slide-image\" src=\"https:\/\/www.pius-institut.at\/wp-content\/uploads\/2024\/02\/IMG_3720.jpg\" alt=\"IMG_3720\" \/><\/figure><\/div><div class=\"swiper-slide\" role=\"group\" aria-roledescription=\"slide\" aria-label=\"3 of 6\"><figure class=\"swiper-slide-inner\"><img decoding=\"async\" class=\"swiper-slide-image\" src=\"https:\/\/www.pius-institut.at\/wp-content\/uploads\/2024\/02\/IMG_3709.jpg\" alt=\"IMG_3709\" \/><\/figure><\/div><div class=\"swiper-slide\" role=\"group\" aria-roledescription=\"slide\" aria-label=\"4 of 6\"><figure class=\"swiper-slide-inner\"><img decoding=\"async\" class=\"swiper-slide-image\" src=\"https:\/\/www.pius-institut.at\/wp-content\/uploads\/2024\/02\/IMG_3722.jpg\" alt=\"IMG_3722\" \/><\/figure><\/div><div class=\"swiper-slide\" role=\"group\" aria-roledescription=\"slide\" aria-label=\"5 of 6\"><figure class=\"swiper-slide-inner\"><img decoding=\"async\" class=\"swiper-slide-image\" src=\"https:\/\/www.pius-institut.at\/wp-content\/uploads\/2024\/02\/IMG_3707.jpg\" alt=\"IMG_3707\" \/><\/figure><\/div><div class=\"swiper-slide\" role=\"group\" aria-roledescription=\"slide\" aria-label=\"6 of 6\"><figure class=\"swiper-slide-inner\"><img decoding=\"async\" class=\"swiper-slide-image\" src=\"https:\/\/www.pius-institut.at\/wp-content\/uploads\/2024\/02\/IMG_6675-768x576.jpg\" alt=\"IMG_6675\" \/><\/figure><\/div>\t\t\t<\/div>\n\t\t\t\t\t\t\t\t\t\t\t\t<div class=\"elementor-swiper-button elementor-swiper-button-prev\" role=\"button\" tabindex=\"0\">\n\t\t\t\t\t\t<i aria-hidden=\"true\" class=\"eicon-chevron-left\"><\/i>\t\t\t\t\t<\/div>\n\t\t\t\t\t<div class=\"elementor-swiper-button elementor-swiper-button-next\" role=\"button\" tabindex=\"0\">\n\t\t\t\t\t\t<i aria-hidden=\"true\" class=\"eicon-chevron-right\"><\/i>\t\t\t\t\t<\/div>\n\t\t\t\t\n\t\t\t\t\t\t\t\t\t<div class=\"swiper-pagination\"><\/div>\n\t\t\t\t\t\t\t\t\t<\/div>\n\t\t\t\t\t\t<\/div>\n\t\t\t\t<\/div>\n\t\t\t\t\t<\/div>\n\t\t<\/div>\n\t\t\t\t\t<\/div>\n\t\t<\/section>\n\t\t\t\t<section class=\"elementor-section elementor-top-section elementor-element elementor-element-76f1c15 elementor-section-boxed elementor-section-height-default elementor-section-height-default\" data-id=\"76f1c15\" data-element_type=\"section\" data-e-type=\"section\">\n\t\t\t\t\t\t<div class=\"elementor-container elementor-column-gap-default\">\n\t\t\t\t\t<div class=\"elementor-column elementor-col-50 elementor-top-column elementor-element elementor-element-2169262\" data-id=\"2169262\" data-element_type=\"column\" data-e-type=\"column\">\n\t\t\t<div class=\"elementor-widget-wrap elementor-element-populated\">\n\t\t\t\t\t\t<div class=\"elementor-element elementor-element-6c5bcc8 elementor-widget elementor-widget-text-editor\" data-id=\"6c5bcc8\" data-element_type=\"widget\" data-e-type=\"widget\" data-widget_type=\"text-editor.default\">\n\t\t\t\t<div class=\"elementor-widget-container\">\n\t\t\t\t\t\t\t\t\t<p><span style=\"color: #800000;\"><strong>Wohnnetzwerk f\u00fcr Erwachsene<\/strong><\/span><\/p><p class=\"paragraph_style\">Aus Kindern werden Jugendliche und Erwachsene, die wir auf Ihrem Weg zu einem erfolgreichen Leben weiterhin begleiten. Wir bieten Menschen mit einer geistigen Behinderung die M\u00f6glichkeit, entweder bei uns im Haus in einer Wohngruppe oder im Raum Bruck an der Mur in einer externen Trainingswohnung (WG f\u00fcr 8 Personen) bzw. in eigenen kleinen Wohneinheiten zu zweit oder alleine zu leben.<\/p><div class=\"paragraph paragraph_style\">Individuelle Begleitung und der Aufbau intensiver Bindungen und Verantwortlichkeiten durch das BezugsbegleiterInnensystem schaffen Orientierung und gestalten somit individuelle Entwicklungsm\u00f6glichkeiten f\u00fcr Menschen mit Behinderung. Wir bieten in diesem Rahmen Hilfe zum Wohnen f\u00fcr Menschen mit einem hohen Bedarf an Begleitung an.<\/div><p class=\"paragraph_style\">In unseren Trainingswohnungen haben Menschen mit Behinderung die M\u00f6glichkeit, das zu erlernen, was f\u00fcr ein weitgehend selbstst\u00e4ndiges Leben notwendig ist. F\u00fcr Menschen, die nur mehr wenig Unterst\u00fctzung im Alltag brauchen, bieten wir teilzeitbetreute Wohnformen an. Menschen mit einer Behinderung, die bereits den Schritt in eine eigene Wohnung geschafft haben, bieten wir die M\u00f6glichkeit, mobile Wohnassistenz \u00fcber unser BegleiterInnenteam in Anspruch zu nehmen.<\/p><p class=\"paragraph_style\"><strong>Zu den Leistungsarten des Wohnnetzwerkes z\u00e4hlen:<\/strong><\/p><ul><li class=\"paragraph_style_1\">Vollzeitbetreutes Wohnen<\/li><li class=\"paragraph_style_1\">Teilzeitbetreutes Wohnen<\/li><li class=\"paragraph_style_1\">Trainingswohnung<\/li><li class=\"paragraph_style_1\">Mobile Wohnassistenz<\/li><\/ul><hr \/><p class=\"paragraph_style_5\">\u00a0<\/p>\t\t\t\t\t\t\t\t<\/div>\n\t\t\t\t<\/div>\n\t\t\t\t\t<\/div>\n\t\t<\/div>\n\t\t\t\t<div class=\"elementor-column elementor-col-50 elementor-top-column elementor-element elementor-element-0b4cc8b\" data-id=\"0b4cc8b\" data-element_type=\"column\" data-e-type=\"column\">\n\t\t\t<div class=\"elementor-widget-wrap\">\n\t\t\t\t\t\t\t<\/div>\n\t\t<\/div>\n\t\t\t\t\t<\/div>\n\t\t<\/section>\n\t\t\t\t<section class=\"elementor-section elementor-top-section elementor-element elementor-element-a4e95cd elementor-section-boxed elementor-section-height-default elementor-section-height-default\" data-id=\"a4e95cd\" data-element_type=\"section\" data-e-type=\"section\">\n\t\t\t\t\t\t<div class=\"elementor-container elementor-column-gap-default\">\n\t\t\t\t\t<div class=\"elementor-column elementor-col-100 elementor-top-column elementor-element elementor-element-6ef5aa3\" data-id=\"6ef5aa3\" data-element_type=\"column\" data-e-type=\"column\">\n\t\t\t<div class=\"elementor-widget-wrap elementor-element-populated\">\n\t\t\t\t\t\t<div class=\"elementor-element elementor-element-c3b2741 eael-team-align-centered elementor-widget elementor-widget-eael-team-member\" data-id=\"c3b2741\" data-element_type=\"widget\" data-e-type=\"widget\" data-widget_type=\"eael-team-member.default\">\n\t\t\t\t<div class=\"elementor-widget-container\">\n\t\t\t\t\t\n\n\t<div id=\"eael-team-member-c3b2741\" class=\"eael-team-item eael-team-members-simple \">\n\t\t<div class=\"eael-team-item-inner\">\n\t\t\t<div class=\"eael-team-image\">\n\t\t\t\t<figure>\n\t\t\t\t\t<img decoding=\"async\" src=\"https:\/\/www.pius-institut.at\/wp-content\/uploads\/2023\/11\/01-Bereichsleitung_Kloesch-Juergen-scaled-e1704977366890.jpg\" alt=\"\">\n\t\t\t\t<\/figure>\n\t\t\t\t\n\t\t\t\t\n\t\t\t<\/div>\n\n\t\t\t<div class=\"eael-team-content\">\n\t\t\t\t<h3 class=\"eael-team-member-name\"> J\u00fcrgen Kl\u00f6sch, BA<\/h3>\n\t\t\t\t<h4 class=\"eael-team-member-position\">P\u00e4dagogische Bereichsleitung Erwachsenenwohnen, Sch\u00fclerbegleitung<\/h4>\n\n\t\t\t\t\t\t\t\t\t\t\t\t\t\t<p class=\"eael-team-text\">\n+43699\/151793-20<\/p>\n\t\t\t\t\t\t\t<\/div>\n\t\t<\/div>\n\t<\/div>\n\t\t\t\t\t<\/div>\n\t\t\t\t<\/div>\n\t\t\t\t\t<\/div>\n\t\t<\/div>\n\t\t\t\t\t<\/div>\n\t\t<\/section>\n\t\t\t\t<\/div>\n\t\t","protected":false},"excerpt":{"rendered":"<p>Wohnnetzwerk f\u00fcr Erwachsene Aus Kindern werden Jugendliche und Erwachsene, die wir auf Ihrem Weg zu einem erfolgreichen Leben weiterhin begleiten. Wir bieten Menschen mit einer geistigen Behinderung die M\u00f6glichkeit, entweder bei uns im Haus in einer Wohngruppe oder im Raum Bruck an der Mur in einer externen Trainingswohnung (WG f\u00fcr 8 Personen) bzw. in eigenen [&hellip;]<\/p>\n","protected":false},"author":1,"featured_media":0,"parent":0,"menu_order":0,"comment_status":"closed","ping_status":"closed","template":"","meta":{"footnotes":""},"class_list":["post-277","page","type-page","status-publish","hentry"],"_links":{"self":[{"href":"https:\/\/www.pius-institut.at\/index.php?rest_route=\/wp\/v2\/pages\/277","targetHints":{"allow":["GET"]}}],"collection":[{"href":"https:\/\/www.pius-institut.at\/index.php?rest_route=\/wp\/v2\/pages"}],"about":[{"href":"https:\/\/www.pius-institut.at\/index.php?rest_route=\/wp\/v2\/types\/page"}],"author":[{"embeddable":true,"href":"https:\/\/www.pius-institut.at\/index.php?rest_route=\/wp\/v2\/users\/1"}],"replies":[{"embeddable":true,"href":"https:\/\/www.pius-institut.at\/index.php?rest_route=%2Fwp%2Fv2%2Fcomments&post=277"}],"version-history":[{"count":35,"href":"https:\/\/www.pius-institut.at\/index.php?rest_route=\/wp\/v2\/pages\/277\/revisions"}],"predecessor-version":[{"id":3954,"href":"https:\/\/www.pius-institut.at\/index.php?rest_route=\/wp\/v2\/pages\/277\/revisions\/3954"}],"wp:attachment":[{"href":"https:\/\/www.pius-institut.at\/index.php?rest_route=%2Fwp%2Fv2%2Fmedia&parent=277"}],"curies":[{"name":"wp","href":"https:\/\/api.w.org\/{rel}","templated":true}]}}

<div data-elementor-type="wp-page" data-elementor-id="277" class="elementor elementor-277">
						<section class="elementor-section elementor-top-section elementor-element elementor-element-3498a48 elementor-section-boxed elementor-section-height-default elementor-section-height-default" data-id="3498a48" data-element_type="section" data-e-type="section">
						<div class="elementor-container elementor-column-gap-default">
					<div class="elementor-column elementor-col-100 elementor-top-column elementor-element elementor-element-f0752de" data-id="f0752de" data-element_type="column" data-e-type="column">
			<div class="elementor-widget-wrap elementor-element-populated">
						<div class="elementor-element elementor-element-e9c2e44 elementor-arrows-position-inside elementor-pagination-position-outside elementor-widget elementor-widget-image-carousel" data-id="e9c2e44" data-element_type="widget" data-e-type="widget" data-settings="{&quot;navigation&quot;:&quot;both&quot;,&quot;autoplay&quot;:&quot;yes&quot;,&quot;pause_on_hover&quot;:&quot;yes&quot;,&quot;pause_on_interaction&quot;:&quot;yes&quot;,&quot;autoplay_speed&quot;:5000,&quot;infinite&quot;:&quot;yes&quot;,&quot;speed&quot;:500}" data-widget_type="image-carousel.default">
				<div class="elementor-widget-container">
							<div class="elementor-image-carousel-wrapper swiper" role="region" aria-roledescription="carousel" aria-label="Image Carousel" dir="ltr">
			<div class="elementor-image-carousel swiper-wrapper" aria-live="off">
								<div class="swiper-slide" role="group" aria-roledescription="slide" aria-label="1 of 6"><figure class="swiper-slide-inner"><img decoding="async" class="swiper-slide-image" src="https://www.pius-institut.at/wp-content/uploads/2024/02/IMG_3704.jpg" alt="IMG_3704" /></figure></div><div class="swiper-slide" role="group" aria-roledescription="slide" aria-label="2 of 6"><figure class="swiper-slide-inner"><img decoding="async" class="swiper-slide-image" src="https://www.pius-institut.at/wp-content/uploads/2024/02/IMG_3720.jpg" alt="IMG_3720" /></figure></div><div class="swiper-slide" role="group" aria-roledescription="slide" aria-label="3 of 6"><figure class="swiper-slide-inner"><img decoding="async" class="swiper-slide-image" src="https://www.pius-institut.at/wp-content/uploads/2024/02/IMG_3709.jpg" alt="IMG_3709" /></figure></div><div class="swiper-slide" role="group" aria-roledescription="slide" aria-label="4 of 6"><figure class="swiper-slide-inner"><img decoding="async" class="swiper-slide-image" src="https://www.pius-institut.at/wp-content/uploads/2024/02/IMG_3722.jpg" alt="IMG_3722" /></figure></div><div class="swiper-slide" role="group" aria-roledescription="slide" aria-label="5 of 6"><figure class="swiper-slide-inner"><img decoding="async" class="swiper-slide-image" src="https://www.pius-institut.at/wp-content/uploads/2024/02/IMG_3707.jpg" alt="IMG_3707" /></figure></div><div class="swiper-slide" role="group" aria-roledescription="slide" aria-label="6 of 6"><figure class="swiper-slide-inner"><img decoding="async" class="swiper-slide-image" src="https://www.pius-institut.at/wp-content/uploads/2024/02/IMG_6675-768x576.jpg" alt="IMG_6675" /></figure></div>			</div>
												<div class="elementor-swiper-button elementor-swiper-button-prev" role="button" tabindex="0">
						<i aria-hidden="true" class="eicon-chevron-left"></i>					</div>
					<div class="elementor-swiper-button elementor-swiper-button-next" role="button" tabindex="0">
						<i aria-hidden="true" class="eicon-chevron-right"></i>					</div>
				
									<div class="swiper-pagination"></div>
									</div>
						</div>
				</div>
					</div>
		</div>
					</div>
		</section>
				<section class="elementor-section elementor-top-section elementor-element elementor-element-76f1c15 elementor-section-boxed elementor-section-height-default elementor-section-height-default" data-id="76f1c15" data-element_type="section" data-e-type="section">
						<div class="elementor-container elementor-column-gap-default">
					<div class="elementor-column elementor-col-50 elementor-top-column elementor-element elementor-element-2169262" data-id="2169262" data-element_type="column" data-e-type="column">
			<div class="elementor-widget-wrap elementor-element-populated">
						<div class="elementor-element elementor-element-6c5bcc8 elementor-widget elementor-widget-text-editor" data-id="6c5bcc8" data-element_type="widget" data-e-type="widget" data-widget_type="text-editor.default">
				<div class="elementor-widget-container">
									<p><span style="color: #800000;"><strong>Wohnnetzwerk für Erwachsene</strong></span></p><p class="paragraph_style">Aus Kindern werden Jugendliche und Erwachsene, die wir auf Ihrem Weg zu einem erfolgreichen Leben weiterhin begleiten. Wir bieten Menschen mit einer geistigen Behinderung die Möglichkeit, entweder bei uns im Haus in einer Wohngruppe oder im Raum Bruck an der Mur in einer externen Trainingswohnung (WG für 8 Personen) bzw. in eigenen kleinen Wohneinheiten zu zweit oder alleine zu leben.</p><div class="paragraph paragraph_style">Individuelle Begleitung und der Aufbau intensiver Bindungen und Verantwortlichkeiten durch das BezugsbegleiterInnensystem schaffen Orientierung und gestalten somit individuelle Entwicklungsmöglichkeiten für Menschen mit Behinderung. Wir bieten in diesem Rahmen Hilfe zum Wohnen für Menschen mit einem hohen Bedarf an Begleitung an.</div><p class="paragraph_style">In unseren Trainingswohnungen haben Menschen mit Behinderung die Möglichkeit, das zu erlernen, was für ein weitgehend selbstständiges Leben notwendig ist. Für Menschen, die nur mehr wenig Unterstützung im Alltag brauchen, bieten wir teilzeitbetreute Wohnformen an. Menschen mit einer Behinderung, die bereits den Schritt in eine eigene Wohnung geschafft haben, bieten wir die Möglichkeit, mobile Wohnassistenz über unser BegleiterInnenteam in Anspruch zu nehmen.</p><p class="paragraph_style"><strong>Zu den Leistungsarten des Wohnnetzwerkes zählen:</strong></p><ul><li class="paragraph_style_1">Vollzeitbetreutes Wohnen</li><li class="paragraph_style_1">Teilzeitbetreutes Wohnen</li><li class="paragraph_style_1">Trainingswohnung</li><li class="paragraph_style_1">Mobile Wohnassistenz</li></ul><hr /><p class="paragraph_style_5"> </p>								</div>
				</div>
					</div>
		</div>
				<div class="elementor-column elementor-col-50 elementor-top-column elementor-element elementor-element-0b4cc8b" data-id="0b4cc8b" data-element_type="column" data-e-type="column">
			<div class="elementor-widget-wrap">
							</div>
		</div>
					</div>
		</section>
				<section class="elementor-section elementor-top-section elementor-element elementor-element-a4e95cd elementor-section-boxed elementor-section-height-default elementor-section-height-default" data-id="a4e95cd" data-element_type="section" data-e-type="section">
						<div class="elementor-container elementor-column-gap-default">
					<div class="elementor-column elementor-col-100 elementor-top-column elementor-element elementor-element-6ef5aa3" data-id="6ef5aa3" data-element_type="column" data-e-type="column">
			<div class="elementor-widget-wrap elementor-element-populated">
						<div class="elementor-element elementor-element-c3b2741 eael-team-align-centered elementor-widget elementor-widget-eael-team-member" data-id="c3b2741" data-element_type="widget" data-e-type="widget" data-widget_type="eael-team-member.default">
				<div class="elementor-widget-container">
					

	<div id="eael-team-member-c3b2741" class="eael-team-item eael-team-members-simple ">
		<div class="eael-team-item-inner">
			<div class="eael-team-image">
				<figure>
					<img decoding="async" src="https://www.pius-institut.at/wp-content/uploads/2023/11/01-Bereichsleitung_Kloesch-Juergen-scaled-e1704977366890.jpg" alt="">
				</figure>
				
				
			</div>

			<div class="eael-team-content">
				<h3 class="eael-team-member-name"> Jürgen Klösch, BA</h3>
				<h4 class="eael-team-member-position">Pädagogische Bereichsleitung Erwachsenenwohnen, Schülerbegleitung</h4>

														<p class="eael-team-text">
+43699/151793-20</p>
							</div>
		</div>
	</div>
					</div>
				</div>
					</div>
		</div>
					</div>
		</section>
				</div>

<p>Wohnnetzwerk für Erwachsene Aus Kindern werden Jugendliche und Erwachsene, die wir auf Ihrem Weg zu einem erfolgreichen Leben weiterhin begleiten. Wir bieten Menschen mit einer geistigen Behinderung die Möglichkeit, entweder bei uns im Haus in einer Wohngruppe oder im Raum Bruck an der Mur in einer externen Trainingswohnung (WG für 8 Personen) bzw. in eigenen [&hellip;]</p>
